ase 6
5002
-da0 (base 15) to base 13
-1527
-10551 (base 11) to base 10
-15302
111010110010 (base 2) to base 5
110022
Convert 220002 (base 3) to base 11.
541
What is -2247 (base 12) in base 6?
-25331
-533 (base 7) to base 13
-179
What is 23490 (base 11) in base 6?
420430
Convert -3012 (base 4) to base 2.
-11000110
Convert 221101 (base 4) to base 13.
1282
1000011100111 (base 2) to base 8
10347
Convert -396 (base 12) to base 10.
-546
What is -6041 (base 14) in base 9?
-24586
-ecb (base 16) to base 12
-2237
Convert -42051 (base 6) to base 7.
-22315
Convert 11000001111 (base 2) to base 9.
2113
-7135 (base 8) to base 2
-111001011101
1ee (base 15) to base 10
449
660b (base 13) to base 7
56264
8512 (base 12) to base 14
543c
-4201 (base 14) to base 11
-85a6
-110200 (base 3) to base 13
-204
Convert -78 (base 10) to base 12.
-66
a316 (base 11) to base 4
3111322
Convert -172b (base 14) to base 16.
-103b
Convert 1111212 (base 3) to base 6.
5035
Convert 14aa8 (base 11) to base 4.
11030231
Convert -3384 (base 10) to base 7.
-12603
What is 1001000111110010 (base 2) in base 9?
56223
What is 4110 (base 10) in base 11?
30a7
What is 3246 (base 8) in base 11?
1308
65 (base 9) to base 10
59
136 (base 11) to base 3
12221
Convert 486 (base 12) to base 9.
833
Convert 94c9 (base 16) to base 13.
1444c
-110122002 (base 3) to base 5
-243314
-2721 (base 9) to base 6
-13244
What is -3b16 (base 13) in base 6?
-103113
What is -472 (base 15) in base 5?
-13012
Convert -22220002 (base 3) to base 9.
-8802
-443351 (base 7) to base 5
-4444134
-22100102 (base 3) to base 11
-4633
957c (base 13) to base 6
235533
653 (base 15) to base 5
21203
Convert -1543a (base 14) to base 3.
-2200122221
100110110101 (base 2) to base 3
10102001
-11111001010 (base 2) to base 15
-8ce
Convert 10000000010 (base 2) to base 16.
402
Convert d4f (base 16) to base 11.
2618
Convert -253b (base 12) to base 16.
-107f
2674 (base 15) to base 8
20021
What is 1001110100010 (base 2) in base 7?
20440
What is 5014 (base 6) in base 13?
65b
What is 201 (base 13) in base 2?
101010011
What is -477 (base 8) in base 5?
-2234
-112300 (base 4) to base 14
-760
Convert -4e (base 16) to base 3.
-2220
What is -4e1 (base 16) in base 12?
-881
Convert 101233 (base 4) to base 3.
1120001
Convert -71b7 (base 13) to base 12.
-9102
What is -10002112 (base 3) in base 16?
-8cf
-530 (base 10) to base 4
-20102
Convert -11121121 (base 3) to base 9.
-4547
Convert bb (base 16) to base 6.
511
What is 1a1 (base 15) in base 9?
457
What is -1566 (base 7) in base 11?
-529
Convert -102 (base 3) to base 4.
-23
Convert 1018 (base 9) to base 3.
1000122
-2473 (base 10) to base 2
-100110101001
7c8 (base 15) to base 7
5066
Convert -1120211 (base 3) to base 2.
-10010000100
What is -4115 (base 8) in base 4?
-201031
What is 1101010100110 (base 2) in base 10?
6822
-131a (base 14) to base 4
-310130
What is -51635 (base 10) in base 8?
-144663
What is 612 (base 8) in base 11?
329
-288 (base 11) to base 14
-1a2
Convert 983 (base 10) to base 7.
2603
13a03 (base 12) to base 8
65343
-396 (base 15) to base 7
-2244
40 (base 16) to base 12
54
What is 2ba (base 16) in base 2?
1010111010
Convert -1112 (base 7) to base 12.
-295
Convert 1110110 (base 2) to base 5.
433
Convert -1661 (base 10) to base 14.
-869
Convert 100110001101 (base 2) to base 10.
2445
849 (base 13) to base 5
21123
597b (base 16) to base 3
1011102102
-38786 (base 10) to base 12
-1a542
-202 (base 9) to base 2
-10100100
Convert -1000231 (base 4) to base 7.
-15034
What is 238 (base 13) in base 5?
3020
32a (base 13) to base 14
2ab
-1e (base 16) to base 13
-24
-4225 (base 6) to base 13
-584
-202102 (base 3) to base 4
-20213
Convert 10242 (base 8) to base 11.
3221
Convert -1060 (base 8) to base 2.
-1000110000
-1000223 (base 4) to base 14
-1719
428 (base 10) to base 8
654
Convert -a37 (base 16) to base 14.
-d4b
What is -384 (base 10) in base 7?
-1056
What is -83 (base 15) in base 12?
-a3
What is -2763 (base 8) in base 9?
-2072
What is -143 (base 6) in base 4?
-333
What is 677 (base 9) in base 3?
202121
Convert 27a5 (base 12) to base 6.
33125
Convert 101011100011 (base 2) to base 12.
1743
Convert -1110001011111 (base 2) to base 16.
-1c5f
7b9a (base 13) to base 11
12057
What is -10010010001 (base 2) in base 16?
-491
Convert -1561 (base 7) to base 10.
-631
Convert 1b1 (base 16) to base 11.
364
Convert 1100101011010 (base 2) to base 14.
2518
What is 100000000110110 (base 2) in base 14?
5dc2
Convert 100241 (base 5) to base 14.
1244
23512 (base 6) to base 16
d64
Convert -1de (base 16) to base 11.
-3a5
What is 23312102 (base 4) in base 8?
136622
23602 (base 10) to base 6
301134
What is 4168 (base 10) in base 9?
5641
Convert -504521 (base 6) to base 12.
-1b141
-4a0 (base 16) to base 11
-987
-1032 (base 4) to base 14
-58
Convert -27d3 (base 16) to base 9.
-14877
Convert -74a (base 13) to base 15.
-580
What is -52512 (base 6) in base 12?
-4138
Convert 1c65 (base 14) to base 16.
1441
9952 (base 15) to base 12
16965
What is 10120221 (base 3) in base 6?
20041
Convert 31012 (base 5) to base 16.
7d7
What is 2005 (base 9) in base 7?
4160
Convert -420104 (base 6) to base 7.
-200233
Convert -10724 (base 11) to base 12.
-8b8a
-4724 (base 9) to base 2
-110110110001
286 (base 13) to base 4
13000
What is -11110101111100 (base 2) in base 10?
-15740
What is 12450 (base 7) in base 6?
23210
-22032 (base 4) to base 15
-2d9
Convert 5052 (base 7) to base 12.
1020
22c3 (base 15) to base 14
2995
Convert 37c (base 13) to base 10.
610
-6476 (base 10) to base 15
-1dbb
28233 (base 11) to base 12
1b328
-3584 (base 9) to base 2
-101001101100
Convert 1100101011011110 (base 2) to base 6.
1040234
Convert -36427 (base 10) to base 9.
-54864
Convert -122154 (base 8) to base 14.
-114a8
-3041 (base 13) to base 14
-25c8
Convert 222221 (base 3) to base 12.
507
-7808 (base 11) to base 14
-3a73
307 (base 13) to base 2
1000000010
What is -16d16 (base 14) in base 12?
-292b4
Convert -15616 (base 12) to base 3.
-1112111200
Convert 110233 (base 7) to base 3.
222111221
16355 (base 7) to base 9
6332
-792 (base 16) to base 12
-1156
What is -2154 (base 7) in base 5?
-11044
84 (base 15) to base 16
7c
What is 12540 (base 6) in base 11?
14a7
What is 20001 (base 3) in base 6?
431
164b (base 16) to base 13
27a0
What is -764e (base 15) in base 13?
-b52b
-1132213 (base 4) to base 16
-17a7
Convert 131040 (base 6) to base 15.
37d9
Convert 480 (base 11) to base 5.
4242
Convert 2032 (base 7) to base 14.
389
-1000001011110010 (base 2) to base 16
-82f2
Convert -10168 (base 9) to base 7.
-25355
Convert 662 (base 7) to base 11.
288
Convert -28459 (base 12) to base 5.
-3242231
1000010111 (base 2) to base 5
4120
What is 463 (base 16) in base 10?
1123
What is -101012122 (base 3) in base 7?
-30461
3003000 (base 4) to base 14
4796
Convert -8e10 (base 15) to base 6.
-351353
26018 (base 9) to base 15
52c8
-33722 (base 8) to base 7
-56443
Convert -20 (base 6) to base 5.
-22
What is 120021 (base 3) in base 11?
345
What is -e390 (base 15) in base 4?
-23232330
b706 (base 12) to base 9
30416
1784 (base 9) to base 6
10204
1f4 (base 16) to base 3
200112
Convert 10100120 (base 3) to base 8.
4615
2221012021 (base 3) to base 11
3a415
Convert c7ac (base 14) to base 16.
8694
Convert 82c (base 16) to base 14.
a96
Convert 313430 (base 5) to base 8.
24372
What is 530 (base 6) in base 14?
102
What is -27888 (base 10) in base 2?
-110110011110000
What is 3ca (base 16) in base 5?
12340
What is 122222 (base 3) in base 14?
269
What is -bb5 (base 13) in base 9?
-2670
What is 143312 (base 5) in base 16?
17c2
-6bc (base 13) to base 6
-5225
What is -12122000 (base 3) in base 9?
-5560
-33431 (base 6) to base 9
-6401
Convert 1000100001010101 (base 2) to base 13.
12b69
Convert -10021 (base 5) to base 4.
-21330
What is -8181 (base 12) in base 16?
-36f1
Convert -137 (base 11) to base 16.
-a1
ca (base 13) to base 2
10100110
-19836 (base 10) to base 16
-4d7c
-115c (base 13) to base 10
-2443
-2060 (base 16) to base 11
-6255
What is 635 (base 8) in base 16?
19d
Convert -12003203 (base 4) to base 12.
-1242b
-25 (base 8) to base 12
-19
What is -2847 (base 14) in base 5?
-211434
52 (base 6) to base 11
2a
Convert -18351 (base 9) to base 6.
-134414
Convert -30242 (base 5) to base 2.
-11110011011
Convert -12343 (base 7) to ba